{"id":3813,"date":"2019-11-26T14:41:26","date_gmt":"2019-11-26T13:41:26","guid":{"rendered":"https:\/\/www.branas.se\/vargen\/"},"modified":"2026-03-30T09:06:43","modified_gmt":"2026-03-30T07:06:43","slug":"vargen","status":"publish","type":"ext_area","link":"https:\/\/www.branas.se\/da\/omraden\/vargen\/","title":{"rendered":"Ulven"},"content":{"rendered":"<p>Hyggelige hytter t\u00e6t p\u00e5 alt, hvad Bran\u00e4sberget har at byde p\u00e5. Vargen ligger ogs\u00e5 t\u00e6t p\u00e5 et b\u00f8rneomr\u00e5de, skil\u00f8jper og skiudlejning.<\/p>\n<ul>\n<li>T\u00e6t p\u00e5 skiudlejning<\/li>\n<li>H\u00f8j stol og barneseng er til r\u00e5dighed i hver bolig<\/li>\n<li>Der er k\u00e6ledyrsvenlige overnatningssteder her<\/li>\n<li>T\u00e6t p\u00e5 pister<\/li>\n<\/ul>","protected":false},"template":"","class_list":["post-3813","ext_area","type-ext_area","status-publish","hentry"],"acf":[],"_links":{"self":[{"href":"https:\/\/www.branas.se\/da\/wp-json\/wp\/v2\/ext_area\/3813"}],"collection":[{"href":"https:\/\/www.branas.se\/da\/wp-json\/wp\/v2\/ext_area"}],"about":[{"href":"https:\/\/www.branas.se\/da\/wp-json\/wp\/v2\/types\/ext_area"}],"version-history":[{"count":0,"href":"https:\/\/www.branas.se\/da\/wp-json\/wp\/v2\/ext_area\/3813\/revisions"}],"wp:attachment":[{"href":"https:\/\/www.branas.se\/da\/wp-json\/wp\/v2\/media?parent=3813"}],"curies":[{"name":"wp","href":"https:\/\/api.w.org\/{rel}","templated":true}]}}

<p>Hyggelige hytter tæt på alt, hvad Branäsberget har at byde på. Vargen ligger også tæt på et børneområde, skiløjper og skiudlejning.</p>
<ul>
<li>Tæt på skiudlejning</li>
<li>Høj stol og barneseng er til rådighed i hver bolig</li>
<li>Der er kæledyrsvenlige overnatningssteder her</li>
<li>Tæt på pister</li>
</ul>
