{"id":13811,"date":"2025-05-14T09:45:56","date_gmt":"2025-05-14T07:45:56","guid":{"rendered":"https:\/\/www.branas.se\/?page_id=13811"},"modified":"2026-04-21T13:47:24","modified_gmt":"2026-04-21T11:47:24","slug":"sommarkartor","status":"publish","type":"page","link":"https:\/\/www.branas.se\/da\/sommar\/sommarkartor\/","title":{"rendered":"Sommerkort"},"content":{"rendered":"<div class=\"ingress\">Her finder du oversigtskort over vores tre omr\u00e5der, Byn, Mattesdalen og Berget. For at du hurtigt og nemt kan finde din foretrukne indkvartering, har vi ogs\u00e5 inkluderet kort med hyttenumre i alle vores indkvarteringsomr\u00e5der. Bem\u00e6rk venligst, at forretningen kun er \u00e5ben p\u00e5 bjerget om sommeren.<\/div>","protected":false},"excerpt":{"rendered":"<p>Her finder du oversigtskort over vores tre omr\u00e5der, Byn, Mattesdalen og Berget. For at du hurtigt og nemt kan finde din foretrukne indkvartering, har vi ogs\u00e5 inkluderet kort med hyttenumre i alle vores indkvarteringsomr\u00e5der. Bem\u00e6rk venligst, at forretningen kun er \u00e5ben p\u00e5 bjerget om sommeren.<\/p>","protected":false},"author":14,"featured_media":0,"parent":7846,"menu_order":0,"comment_status":"closed","ping_status":"closed","template":"","meta":{"_acf_changed":false,"footnotes":""},"class_list":["post-13811","page","type-page","status-publish","hentry"],"acf":[],"_links":{"self":[{"href":"https:\/\/www.branas.se\/da\/wp-json\/wp\/v2\/pages\/13811"}],"collection":[{"href":"https:\/\/www.branas.se\/da\/wp-json\/wp\/v2\/pages"}],"about":[{"href":"https:\/\/www.branas.se\/da\/wp-json\/wp\/v2\/types\/page"}],"author":[{"embeddable":true,"href":"https:\/\/www.branas.se\/da\/wp-json\/wp\/v2\/users\/14"}],"replies":[{"embeddable":true,"href":"https:\/\/www.branas.se\/da\/wp-json\/wp\/v2\/comments?post=13811"}],"version-history":[{"count":28,"href":"https:\/\/www.branas.se\/da\/wp-json\/wp\/v2\/pages\/13811\/revisions"}],"predecessor-version":[{"id":14910,"href":"https:\/\/www.branas.se\/da\/wp-json\/wp\/v2\/pages\/13811\/revisions\/14910"}],"up":[{"embeddable":true,"href":"https:\/\/www.branas.se\/da\/wp-json\/wp\/v2\/pages\/7846"}],"wp:attachment":[{"href":"https:\/\/www.branas.se\/da\/wp-json\/wp\/v2\/media?parent=13811"}],"curies":[{"name":"wp","href":"https:\/\/api.w.org\/{rel}","templated":true}]}}

<div class="ingress">Her finder du oversigtskort over vores tre områder, Byn, Mattesdalen og Berget. For at du hurtigt og nemt kan finde din foretrukne indkvartering, har vi også inkluderet kort med hyttenumre i alle vores indkvarteringsområder. Bemærk venligst, at forretningen kun er åben på bjerget om sommeren.</div>

<p>Her finder du oversigtskort over vores tre områder, Byn, Mattesdalen og Berget. For at du hurtigt og nemt kan finde din foretrukne indkvartering, har vi også inkluderet kort med hyttenumre i alle vores indkvarteringsområder. Bemærk venligst, at forretningen kun er åben på bjerget om sommeren.</p>
