{"id":6587,"date":"2021-05-17T15:09:18","date_gmt":"2021-05-17T13:09:18","guid":{"rendered":"https:\/\/www.branas.se\/?page_id=6587"},"modified":"2025-06-25T13:53:33","modified_gmt":"2025-06-25T11:53:33","slug":"padel","status":"publish","type":"page","link":"https:\/\/www.branas.se\/da\/sommar\/upptack\/padel\/","title":{"rendered":"Padel"},"content":{"rendered":"<div class=\"ingress\" style=\"text-align: center;\">Forestil dig at spille padel i sommersolen med toppen af Bran\u00e4sberget som baggrund, efter du er f\u00e6rdig med kampen er der kun en kort g\u00e5tur til Ladans udend\u00f8rs spiseplads - en perfekt m\u00e5de at slappe af p\u00e5 en dejlig dag.<\/div>\n<div style=\"text-align: center;\"><a class=\"btn btn--c--brand\" href=\"https:\/\/www.matchi.se\/facilities\/branasfritidscenter?date=2021-06-30&amp;sport=\" target=\"_blank\" rel=\"noopener\">Book padeltid her<\/a><\/div>","protected":false},"excerpt":{"rendered":"<p>Forestil dig at spille padel i sommersolen med toppen af Bran\u00e4sberget som baggrund, efter du er f\u00e6rdig med kampen er der kun en kort g\u00e5tur til Ladans udend\u00f8rs spiseplads - en perfekt m\u00e5de at slappe af p\u00e5 en dejlig dag. Book padeltid her<\/p>","protected":false},"author":14,"featured_media":0,"parent":807,"menu_order":0,"comment_status":"closed","ping_status":"closed","template":"","meta":{"_acf_changed":false,"footnotes":""},"class_list":["post-6587","page","type-page","status-publish","hentry"],"acf":[],"_links":{"self":[{"href":"https:\/\/www.branas.se\/da\/wp-json\/wp\/v2\/pages\/6587"}],"collection":[{"href":"https:\/\/www.branas.se\/da\/wp-json\/wp\/v2\/pages"}],"about":[{"href":"https:\/\/www.branas.se\/da\/wp-json\/wp\/v2\/types\/page"}],"author":[{"embeddable":true,"href":"https:\/\/www.branas.se\/da\/wp-json\/wp\/v2\/users\/14"}],"replies":[{"embeddable":true,"href":"https:\/\/www.branas.se\/da\/wp-json\/wp\/v2\/comments?post=6587"}],"version-history":[{"count":28,"href":"https:\/\/www.branas.se\/da\/wp-json\/wp\/v2\/pages\/6587\/revisions"}],"predecessor-version":[{"id":13968,"href":"https:\/\/www.branas.se\/da\/wp-json\/wp\/v2\/pages\/6587\/revisions\/13968"}],"up":[{"embeddable":true,"href":"https:\/\/www.branas.se\/da\/wp-json\/wp\/v2\/pages\/807"}],"wp:attachment":[{"href":"https:\/\/www.branas.se\/da\/wp-json\/wp\/v2\/media?parent=6587"}],"curies":[{"name":"wp","href":"https:\/\/api.w.org\/{rel}","templated":true}]}}

<div class="ingress" style="text-align: center;">Forestil dig at spille padel i sommersolen med toppen af Branäsberget som baggrund, efter du er færdig med kampen er der kun en kort gåtur til Ladans udendørs spiseplads - en perfekt måde at slappe af på en dejlig dag.</div>
<div style="text-align: center;"><a class="btn btn--c--brand" href="https://www.matchi.se/facilities/branasfritidscenter?date=2021-06-30&amp;sport=" target="_blank" rel="noopener">Book padeltid her</a></div>

<p>Forestil dig at spille padel i sommersolen med toppen af Branäsberget som baggrund, efter du er færdig med kampen er der kun en kort gåtur til Ladans udendørs spiseplads - en perfekt måde at slappe af på en dejlig dag. Book padeltid her</p>
