{"id":7791,"date":"2022-03-03T14:52:38","date_gmt":"2022-03-03T13:52:38","guid":{"rendered":"https:\/\/www.branas.se\/?page_id=7791"},"modified":"2025-04-14T14:51:12","modified_gmt":"2025-04-14T12:51:12","slug":"pask","status":"publish","type":"page","link":"https:\/\/www.branas.se\/da\/hogtider\/pask\/","title":{"rendered":"p\u00e5ske"},"content":{"rendered":"<div class=\"ingress\">\n<p>Stranden h\u00e6nger og bader i al sin pragt, men den bedste solferie tilbringes p\u00e5 ski. En p\u00e5ske i Bran\u00e4s er fyldt med sk\u00f8nne stunder p\u00e5 en solbeskinnet udend\u00f8rs terrasse, sjove aktiviteter og skil\u00f8b i topklasse for hele familien.<\/p>\n<p><a class=\"btn btn--c--prim\" href=\"https:\/\/www.branas.se\/da\/bokning\/#\/boenden\">Book din p\u00e5skeferie i dag\u00a0<\/a><\/p>\n<\/div>","protected":false},"excerpt":{"rendered":"<p>Strandafslapning og sv\u00f8mning i al deres pragt, men den bedste solferie tilbringes p\u00e5 ski. En p\u00e5ske i Bran\u00e4s er fyldt med dejlige \u00f8jeblikke p\u00e5 en solbeskinnet udend\u00f8rsterrasse, sjove aktiviteter og skil\u00f8b i topklasse for hele familien. Book din p\u00e5skeferie i dag\u00a0<\/p>","protected":false},"author":14,"featured_media":0,"parent":7783,"menu_order":0,"comment_status":"closed","ping_status":"closed","template":"","meta":{"_acf_changed":false,"footnotes":""},"class_list":["post-7791","page","type-page","status-publish","hentry"],"acf":[],"_links":{"self":[{"href":"https:\/\/www.branas.se\/da\/wp-json\/wp\/v2\/pages\/7791"}],"collection":[{"href":"https:\/\/www.branas.se\/da\/wp-json\/wp\/v2\/pages"}],"about":[{"href":"https:\/\/www.branas.se\/da\/wp-json\/wp\/v2\/types\/page"}],"author":[{"embeddable":true,"href":"https:\/\/www.branas.se\/da\/wp-json\/wp\/v2\/users\/14"}],"replies":[{"embeddable":true,"href":"https:\/\/www.branas.se\/da\/wp-json\/wp\/v2\/comments?post=7791"}],"version-history":[{"count":33,"href":"https:\/\/www.branas.se\/da\/wp-json\/wp\/v2\/pages\/7791\/revisions"}],"predecessor-version":[{"id":13498,"href":"https:\/\/www.branas.se\/da\/wp-json\/wp\/v2\/pages\/7791\/revisions\/13498"}],"up":[{"embeddable":true,"href":"https:\/\/www.branas.se\/da\/wp-json\/wp\/v2\/pages\/7783"}],"wp:attachment":[{"href":"https:\/\/www.branas.se\/da\/wp-json\/wp\/v2\/media?parent=7791"}],"curies":[{"name":"wp","href":"https:\/\/api.w.org\/{rel}","templated":true}]}}

påske

<div class="ingress">
<p>Stranden hænger og bader i al sin pragt, men den bedste solferie tilbringes på ski. En påske i Branäs er fyldt med skønne stunder på en solbeskinnet udendørs terrasse, sjove aktiviteter og skiløb i topklasse for hele familien.</p>
<p><a class="btn btn--c--prim" href="https://www.branas.se/da/bokning/#/boenden">Book din påskeferie i dag </a></p>
</div>

<p>Strandafslapning og svømning i al deres pragt, men den bedste solferie tilbringes på ski. En påske i Branäs er fyldt med dejlige øjeblikke på en solbeskinnet udendørsterrasse, sjove aktiviteter og skiløb i topklasse for hele familien. Book din påskeferie i dag </p>
