{"id":7939,"date":"2022-04-01T15:19:34","date_gmt":"2022-04-01T13:19:34","guid":{"rendered":"https:\/\/www.branas.se\/?page_id=7939"},"modified":"2025-04-23T10:26:54","modified_gmt":"2025-04-23T08:26:54","slug":"vandring","status":"publish","type":"page","link":"https:\/\/www.branas.se\/da\/sommar\/upptack\/vandring\/","title":{"rendered":"Vandring"},"content":{"rendered":"<div class=\"ingress\" style=\"text-align: center;\">Sn\u00f8r st\u00f8vlerne, pak din frokost og tag din familie med ud p\u00e5 en vandretur. I Bran\u00e4s finder du flere kortere vandrestier, der tilbyder en behagelig oplevelse i den v\u00e4rmlandske natur, til en l\u00e6ngere vandretur finder du Nordv\u00e4rmlandsleden i n\u00e6romr\u00e5det.<\/div>","protected":false},"excerpt":{"rendered":"<p>Sn\u00f8r st\u00f8vlerne, pak din frokost og tag din familie med ud p\u00e5 en vandretur. I Bran\u00e4s finder du flere kortere vandrestier, der tilbyder en behagelig oplevelse i den v\u00e4rmlandske natur, til en l\u00e6ngere vandretur finder du Nordv\u00e4rmlandsleden i n\u00e6romr\u00e5det.<\/p>","protected":false},"author":14,"featured_media":0,"parent":807,"menu_order":0,"comment_status":"closed","ping_status":"closed","template":"","meta":{"_acf_changed":false,"footnotes":""},"class_list":["post-7939","page","type-page","status-publish","hentry"],"acf":[],"_links":{"self":[{"href":"https:\/\/www.branas.se\/da\/wp-json\/wp\/v2\/pages\/7939"}],"collection":[{"href":"https:\/\/www.branas.se\/da\/wp-json\/wp\/v2\/pages"}],"about":[{"href":"https:\/\/www.branas.se\/da\/wp-json\/wp\/v2\/types\/page"}],"author":[{"embeddable":true,"href":"https:\/\/www.branas.se\/da\/wp-json\/wp\/v2\/users\/14"}],"replies":[{"embeddable":true,"href":"https:\/\/www.branas.se\/da\/wp-json\/wp\/v2\/comments?post=7939"}],"version-history":[{"count":12,"href":"https:\/\/www.branas.se\/da\/wp-json\/wp\/v2\/pages\/7939\/revisions"}],"predecessor-version":[{"id":13569,"href":"https:\/\/www.branas.se\/da\/wp-json\/wp\/v2\/pages\/7939\/revisions\/13569"}],"up":[{"embeddable":true,"href":"https:\/\/www.branas.se\/da\/wp-json\/wp\/v2\/pages\/807"}],"wp:attachment":[{"href":"https:\/\/www.branas.se\/da\/wp-json\/wp\/v2\/media?parent=7939"}],"curies":[{"name":"wp","href":"https:\/\/api.w.org\/{rel}","templated":true}]}}

<div class="ingress" style="text-align: center;">Snør støvlerne, pak din frokost og tag din familie med ud på en vandretur. I Branäs finder du flere kortere vandrestier, der tilbyder en behagelig oplevelse i den värmlandske natur, til en længere vandretur finder du Nordvärmlandsleden i nærområdet.</div>

<p>Snør støvlerne, pak din frokost og tag din familie med ud på en vandretur. I Branäs finder du flere kortere vandrestier, der tilbyder en behagelig oplevelse i den värmlandske natur, til en længere vandretur finder du Nordvärmlandsleden i nærområdet.</p>
