{"id":9716,"date":"2023-02-27T14:36:29","date_gmt":"2023-02-27T13:36:29","guid":{"rendered":"https:\/\/www.branas.se\/?page_id=9716"},"modified":"2023-02-28T13:37:38","modified_gmt":"2023-02-28T12:37:38","slug":"gerremobranten","status":"publish","type":"page","link":"https:\/\/www.branas.se\/da\/om-branasgruppen\/gerremobranten\/","title":{"rendered":"Gerremobranten"},"content":{"rendered":"<div class=\"ingress\">Historien om Gerremobrant begynder p\u00e5 toppen af Bran\u00e4sberget en solrig februardag seks \u00e5r f\u00f8r skisportsstedet blev indviet og slutter samme sted 41 \u00e5r senere.<\/div>\n<p>I dag er Bran\u00e4s et af Sveriges st\u00f8rste og mest popul\u00e6re skisportssteder \u2013 en bedrift, der m\u00e5ske ikke havde v\u00e6ret mulig uden et bes\u00f8g af Hans Gerremo i februar 1982. Sammen med dav\u00e6rende SLAO-kollega Stig Lundqvist bes\u00f8gte han Bran\u00e4s for p\u00e5 vegne af det svenske Turistr\u00e5det og Statens Industriverk unders\u00f8ger betingelserne for et skianl\u00e6g p\u00e5 bjerget.<\/p>\n<p><em><img loading=\"lazy\" decoding=\"async\" class=\"alignnone size-full wp-image-9731\" src=\"https:\/\/cdn.branasgruppen.se\/branas\/app\/uploads\/2023\/02\/28103653\/branas_1982_4_webb.jpg\" alt=\"\" width=\"2000\" height=\"1363\" srcset=\"https:\/\/cdn.branasgruppen.se\/branas\/app\/uploads\/2023\/02\/28103653\/branas_1982_4_webb.jpg 2000w, https:\/\/cdn.branasgruppen.se\/branas\/app\/uploads\/2023\/02\/28103653\/branas_1982_4_webb-300x204.jpg 300w, https:\/\/cdn.branasgruppen.se\/branas\/app\/uploads\/2023\/02\/28103653\/branas_1982_4_webb-768x523.jpg 768w, https:\/\/cdn.branasgruppen.se\/branas\/app\/uploads\/2023\/02\/28103653\/branas_1982_4_webb-1024x698.jpg 1024w, https:\/\/cdn.branasgruppen.se\/branas\/app\/uploads\/2023\/02\/28103653\/branas_1982_4_webb-18x12.jpg 18w\" sizes=\"(max-width: 2000px) 100vw, 2000px\" \/>(Udover Hans Gerremo var Stig Lundqvist en af dem, der var der i 1982 og pr\u00f8vek\u00f8rte den bakke, der i dag hedder Gerremobranten.)<\/em><\/p>\n<p>I fuldt skiudstyr pulserede de frem i den l\u00f8se sne og gled ned ad den skr\u00e5ning, der i dag er kendt som Bran\u00e4s stejleste. SLAO-delegationens indtryk efter bes\u00f8get var enstemmigt positivt. Bjergets faldh\u00f8jde, design og geografiske placering gjorde det perfekt til et skisportssted. Der og da begyndte en rejse, der ville blive noget helt s\u00e6rligt. Der blev givet statsl\u00e5n og i 1988 blev Bran\u00e4s indviet af kongen. Resten er historie.<\/p>\n<p><em><img loading=\"lazy\" decoding=\"async\" class=\"alignnone size-full wp-image-9737\" src=\"https:\/\/cdn.branasgruppen.se\/branas\/app\/uploads\/2023\/02\/28112211\/gerremobranten_invigning-10_webb.jpg\" alt=\"\" width=\"2000\" height=\"1333\" srcset=\"https:\/\/cdn.branasgruppen.se\/branas\/app\/uploads\/2023\/02\/28112211\/gerremobranten_invigning-10_webb.jpg 2000w, https:\/\/cdn.branasgruppen.se\/branas\/app\/uploads\/2023\/02\/28112211\/gerremobranten_invigning-10_webb-300x200.jpg 300w, https:\/\/cdn.branasgruppen.se\/branas\/app\/uploads\/2023\/02\/28112211\/gerremobranten_invigning-10_webb-768x512.jpg 768w, https:\/\/cdn.branasgruppen.se\/branas\/app\/uploads\/2023\/02\/28112211\/gerremobranten_invigning-10_webb-1024x682.jpg 1024w, https:\/\/cdn.branasgruppen.se\/branas\/app\/uploads\/2023\/02\/28112211\/gerremobranten_invigning-10_webb-18x12.jpg 18w\" sizes=\"(max-width: 2000px) 100vw, 2000px\" \/>(Den 28. februar 2023 var Hans Gerremo tilbage i Bran\u00e4s for at indvie Gerremobrante.)<\/em><\/p>\n<p>Hans Gerremos rejse i skisportens verden stoppede dog ikke ved bes\u00f8get i Bran\u00e4s i 1982. Hans passion for sporten og Bran\u00e4s er ikke falmet, tv\u00e6rtimod er den kun blevet st\u00e6rkere. Efter at have viet n\u00e6sten hele sit professionelle liv til at g\u00f8re skil\u00f8b til det svenske popul\u00e6re tidsfordriv, det er i dag, forlod han Bran\u00e4s-koncernens bestyrelse i 2023 efter 10 \u00e5rs fortjenstfuldt arbejde.<\/p>\n<p>Han vil for evigt bo p\u00e5 Bran\u00e4sberget, som tak for alt, hvad han har gjort for at st\u00e5 p\u00e5 ski i Sverige og Bran\u00e4s. Den 28. februar 2023 vendte Hans tilbage til toppen af Bran\u00e4sberget \u2013 denne gang for at indvie Gerremobrante.<\/p>","protected":false},"excerpt":{"rendered":"<p>Historien om Gerremobranten begynder p\u00e5 toppen af Bran\u00e4sberget p\u00e5 en solrig februardag seks \u00e5r f\u00f8r skisportsstedet blev indviet og slutter p\u00e5 samme sted 41 \u00e5r senere. I dag er Bran\u00e4s et af Sveriges st\u00f8rste og mest popul\u00e6re skisportssteder \u2013 en bedrift, der m\u00e5ske ikke havde v\u00e6ret mulig uden et bes\u00f8g fra Hans Gerremo i februar 1982. Sammen [\u2026]<\/p>","protected":false},"author":14,"featured_media":0,"parent":579,"menu_order":0,"comment_status":"closed","ping_status":"closed","template":"","meta":{"_acf_changed":false,"footnotes":""},"class_list":["post-9716","page","type-page","status-publish","hentry"],"acf":[],"_links":{"self":[{"href":"https:\/\/www.branas.se\/da\/wp-json\/wp\/v2\/pages\/9716"}],"collection":[{"href":"https:\/\/www.branas.se\/da\/wp-json\/wp\/v2\/pages"}],"about":[{"href":"https:\/\/www.branas.se\/da\/wp-json\/wp\/v2\/types\/page"}],"author":[{"embeddable":true,"href":"https:\/\/www.branas.se\/da\/wp-json\/wp\/v2\/users\/14"}],"replies":[{"embeddable":true,"href":"https:\/\/www.branas.se\/da\/wp-json\/wp\/v2\/comments?post=9716"}],"version-history":[{"count":14,"href":"https:\/\/www.branas.se\/da\/wp-json\/wp\/v2\/pages\/9716\/revisions"}],"predecessor-version":[{"id":9739,"href":"https:\/\/www.branas.se\/da\/wp-json\/wp\/v2\/pages\/9716\/revisions\/9739"}],"up":[{"embeddable":true,"href":"https:\/\/www.branas.se\/da\/wp-json\/wp\/v2\/pages\/579"}],"wp:attachment":[{"href":"https:\/\/www.branas.se\/da\/wp-json\/wp\/v2\/media?parent=9716"}],"curies":[{"name":"wp","href":"https:\/\/api.w.org\/{rel}","templated":true}]}}

<div class="ingress">Historien om Gerremobrant begynder på toppen af Branäsberget en solrig februardag seks år før skisportsstedet blev indviet og slutter samme sted 41 år senere.</div>
<p>I dag er Branäs et af Sveriges største og mest populære skisportssteder – en bedrift, der måske ikke havde været mulig uden et besøg af Hans Gerremo i februar 1982. Sammen med daværende SLAO-kollega Stig Lundqvist besøgte han Branäs for på vegne af det svenske Turistrådet og Statens Industriverk undersøger betingelserne for et skianlæg på bjerget.</p>
<p><em><img loading="lazy" decoding="async" class="alignnone size-full wp-image-9731" src="https://cdn.branasgruppen.se/branas/app/uploads/2023/02/28103653/branas_1982_4_webb.jpg" alt="" width="2000" height="1363" srcset="https://cdn.branasgruppen.se/branas/app/uploads/2023/02/28103653/branas_1982_4_webb.jpg 2000w, https://cdn.branasgruppen.se/branas/app/uploads/2023/02/28103653/branas_1982_4_webb-300x204.jpg 300w, https://cdn.branasgruppen.se/branas/app/uploads/2023/02/28103653/branas_1982_4_webb-768x523.jpg 768w, https://cdn.branasgruppen.se/branas/app/uploads/2023/02/28103653/branas_1982_4_webb-1024x698.jpg 1024w, https://cdn.branasgruppen.se/branas/app/uploads/2023/02/28103653/branas_1982_4_webb-18x12.jpg 18w" sizes="(max-width: 2000px) 100vw, 2000px" />(Udover Hans Gerremo var Stig Lundqvist en af dem, der var der i 1982 og prøvekørte den bakke, der i dag hedder Gerremobranten.)</em></p>
<p>I fuldt skiudstyr pulserede de frem i den løse sne og gled ned ad den skråning, der i dag er kendt som Branäs stejleste. SLAO-delegationens indtryk efter besøget var enstemmigt positivt. Bjergets faldhøjde, design og geografiske placering gjorde det perfekt til et skisportssted. Der og da begyndte en rejse, der ville blive noget helt særligt. Der blev givet statslån og i 1988 blev Branäs indviet af kongen. Resten er historie.</p>
<p><em><img loading="lazy" decoding="async" class="alignnone size-full wp-image-9737" src="https://cdn.branasgruppen.se/branas/app/uploads/2023/02/28112211/gerremobranten_invigning-10_webb.jpg" alt="" width="2000" height="1333" srcset="https://cdn.branasgruppen.se/branas/app/uploads/2023/02/28112211/gerremobranten_invigning-10_webb.jpg 2000w, https://cdn.branasgruppen.se/branas/app/uploads/2023/02/28112211/gerremobranten_invigning-10_webb-300x200.jpg 300w, https://cdn.branasgruppen.se/branas/app/uploads/2023/02/28112211/gerremobranten_invigning-10_webb-768x512.jpg 768w, https://cdn.branasgruppen.se/branas/app/uploads/2023/02/28112211/gerremobranten_invigning-10_webb-1024x682.jpg 1024w, https://cdn.branasgruppen.se/branas/app/uploads/2023/02/28112211/gerremobranten_invigning-10_webb-18x12.jpg 18w" sizes="(max-width: 2000px) 100vw, 2000px" />(Den 28. februar 2023 var Hans Gerremo tilbage i Branäs for at indvie Gerremobrante.)</em></p>
<p>Hans Gerremos rejse i skisportens verden stoppede dog ikke ved besøget i Branäs i 1982. Hans passion for sporten og Branäs er ikke falmet, tværtimod er den kun blevet stærkere. Efter at have viet næsten hele sit professionelle liv til at gøre skiløb til det svenske populære tidsfordriv, det er i dag, forlod han Branäs-koncernens bestyrelse i 2023 efter 10 års fortjenstfuldt arbejde.</p>
<p>Han vil for evigt bo på Branäsberget, som tak for alt, hvad han har gjort for at stå på ski i Sverige og Branäs. Den 28. februar 2023 vendte Hans tilbage til toppen af Branäsberget – denne gang for at indvie Gerremobrante.</p>

<p>Historien om Gerremobranten begynder på toppen af Branäsberget på en solrig februardag seks år før skisportsstedet blev indviet og slutter på samme sted 41 år senere. I dag er Branäs et af Sveriges største og mest populære skisportssteder – en bedrift, der måske ikke havde været mulig uden et besøg fra Hans Gerremo i februar 1982. Sammen […]</p>
