{"id":6574,"date":"2021-05-17T12:21:06","date_gmt":"2021-05-17T10:21:06","guid":{"rendered":"https:\/\/www.branas.se\/?page_id=6574"},"modified":"2025-06-03T10:28:11","modified_gmt":"2025-06-03T08:28:11","slug":"cykel","status":"publish","type":"page","link":"https:\/\/www.branas.se\/en\/sommar\/cykel\/","title":{"rendered":"Bike"},"content":{"rendered":"<div class=\"ingress\" style=\"text-align: left;\">In Bran\u00e4s you will find wonderfully soft and wonderful flow paths that meander down Bran\u00e4sberget with a view of V\u00e4rmland&#039;s nature and the meandering waters of the Klar\u00e4lven river. Rent bikes or bring your own, the summer is best spent with family and friends in Bran\u00e4s.<\/div>","protected":false},"excerpt":{"rendered":"<p>In Bran\u00e4s you will find wonderfully soft and wonderful flow paths that meander down Bran\u00e4sberget with a view of V\u00e4rmland&#039;s nature and the meandering waters of the Klar\u00e4lven river. Rent bikes or bring your own, the summer is best spent with family and friends in Bran\u00e4s.<\/p>","protected":false},"author":14,"featured_media":0,"parent":7846,"menu_order":0,"comment_status":"closed","ping_status":"closed","template":"","meta":{"_acf_changed":false,"footnotes":""},"class_list":["post-6574","page","type-page","status-publish","hentry"],"acf":[],"_links":{"self":[{"href":"https:\/\/www.branas.se\/en\/wp-json\/wp\/v2\/pages\/6574"}],"collection":[{"href":"https:\/\/www.branas.se\/en\/wp-json\/wp\/v2\/pages"}],"about":[{"href":"https:\/\/www.branas.se\/en\/wp-json\/wp\/v2\/types\/page"}],"author":[{"embeddable":true,"href":"https:\/\/www.branas.se\/en\/wp-json\/wp\/v2\/users\/14"}],"replies":[{"embeddable":true,"href":"https:\/\/www.branas.se\/en\/wp-json\/wp\/v2\/comments?post=6574"}],"version-history":[{"count":99,"href":"https:\/\/www.branas.se\/en\/wp-json\/wp\/v2\/pages\/6574\/revisions"}],"predecessor-version":[{"id":13937,"href":"https:\/\/www.branas.se\/en\/wp-json\/wp\/v2\/pages\/6574\/revisions\/13937"}],"up":[{"embeddable":true,"href":"https:\/\/www.branas.se\/en\/wp-json\/wp\/v2\/pages\/7846"}],"wp:attachment":[{"href":"https:\/\/www.branas.se\/en\/wp-json\/wp\/v2\/media?parent=6574"}],"curies":[{"name":"wp","href":"https:\/\/api.w.org\/{rel}","templated":true}]}}

<div class="ingress" style="text-align: left;">In Branäs you will find wonderfully soft and wonderful flow paths that meander down Branäsberget with a view of Värmland&#039;s nature and the meandering waters of the Klarälven river. Rent bikes or bring your own, the summer is best spent with family and friends in Branäs.</div>

<p>In Branäs you will find wonderfully soft and wonderful flow paths that meander down Branäsberget with a view of Värmland&#039;s nature and the meandering waters of the Klarälven river. Rent bikes or bring your own, the summer is best spent with family and friends in Branäs.</p>
